 s?
21
Let c(g) = -g**3 - 4*g**2 - 6*g - 7. Let s be c(-5). Suppose 0 = k + 2*k - s. Calculate the remainder when k is divided by 6.
4
Suppose 4 = -t - 5*x, 2*x - 84 = -5*t + 3*x. What is the remainder when t is divided by 9?
7
Let z be -2*(-2 + (-22)/4). Suppose 3*o + z = 8*o. What is the remainder when 20 is divided by (-7)/(-2)*6/o?
6
Suppose 3*t - 2*u - 44 = 0, -3*t + 7*t - 2*u - 60 = 0. Calculate the remainder when t is divided by 2.
0
Let b(n) = 2*n**2 + 6*n + 8. Calculate the remainder when 7 is divided by b(-2).
3
Let o(r) be the second derivative of r**5/10 - r**4/6 - 2*r**3/3 + r**2 - 3*r. What is the remainder when o(4) is divided by 21?
19
Suppose 15*g - 454 + 79 = 0. Suppose 2*w = -2*w + 36. Calculate the remainder when g is divided by w.
7
Let w(y) = y**2 + y - 7. Let i be ((-3)/3)/((-1)/(-5)). Let l(m) = m**3 + 7*m**2 + 4*m - 6. What is the remainder when l(i) is divided by w(-5)?
11
Suppose 3*q - 4 - 2 = 0. Calculate the remainder when 5*(q + (-12)/(-5)) is divided by 12.
10
Let i = 13 - 7. Calculate the remainder when 5 is divided by 6*((-8)/i)/(-2).
1
Let o be (2/4 + 0)*0. Suppose 0 = l - 0*u + 5*u + 18, o = -2*l - 3*u - 1. What is the remainder when l is divided by 3?
1
Let w = -11 - -18. Suppose 5*r = -k - 2 + 6, 5*r = -5*k + 120. Let z = 41 - k. Calculate the remainder when z is divided by w.
5
Let s(p) = p. Let d be s(6). Let z = d + 0. What is the remainder when 16 is divided by z?
4
Suppose 4*d - 53 = 15. Calculate the remainder when d is divided by 9.
8
Let p(s) = -s - 5. Suppose -9*y = 5*b - 4*y - 10, 0 = -2*b - y + 4. Calculate the remainder when p(-9) is divided by b.
0
Let h(m) = -m**3 - 11*m**2 - 11*m - 14. Let u be h(-10). Calculate the remainder when (-4)/((-12)/315) + u is divided by 26.
23
Let h(q) = q + 6. Let r be h(-6). Suppose r = -0*g + 2*g + 2. Calculate the remainder when 2*-1 - (-8 + g) is divided by 3.
1
Calculate the remainder when 162 is divided by -1 - 135/(-4) - 18/(-72).
30
Let c = -315 - -475. Calculate the remainder when c is divided by 18.
16
Calculate the remainder when 33 is divided by 10/((0 - 0) + 1).
3
Let y(g) = g**3 + 12*g**2 - 2*g - 16. Calculate the remainder when y(-12) is divided by 3*(-2)/((-4)/2).
2
Calculate the remainder when 42*1*3/(1 + 5) is divided by 6.
3
Let d = -28 + 76. Calculate the remainder when d is divided by 11.
4
Let w = 92 + -81. What is the remainder when 41 is divided by w?
8
Calculate the remainder when 23 is divided by 3/((-21)/14*(-1)/4).
7
Suppose 2*o + c + 3 = 32, -79 = -5*o + 4*c. Calculate the remainder when o is divided by 7.
1
Let q(i) = 15*i. Let y(v) = -v**2 - 3*v + 5. Let z be y(-4). Calculate the remainder when 44 is divided by q(z).
14
Suppose 7*y - 124 = 3*y. Let x(b) = -3*b - 31. What is the remainder when y is divided by x(-14)?
9
Let r(q) = q**2 - 2*q + 4. Suppose -3*x + 46 = -4*c + 15, -5*x + 26 = -3*c. Calculate the remainder when r(c) is divided by 35.
32
Let y = 10 - 2. What is the remainder when 38 is divided by y?
6
Let z = -47 + 71. Calculate the remainder when z is divided by 13.
11
Let z = -15 + 34. Calculate the remainder when 93 is divided by z.
17
What is the remainder when 46 is divided by (-7 - -4)/(-9)*-12*-2?
6
Suppose 216 = -7*c + 10*c. What is the remainder when c is divided by 5?
2
Let b = -22 + 61. What is the remainder when b is divided by 10?
9
Let v = -23 - -4. Suppose -6 = c - 19. What is the remainder when v*-2*(1 + 0) is divided by c?
12
Let f(t) = t**3 + 6*t**2 + 5*t - 1. What is the remainder when f(-4) is divided by 4?
3
Suppose -12 = -2*s + 6. What is the remainder when 34 is divided by s?
7
Let p(h) = -h**2 - 2*h + 2. Let g be p(-4). Let l = g + 11. Let s(b) = b**3 - 4*b**2 - 2*b - 2. What is the remainder when 24 is divided by s(l)?
11
Suppose -46 - 69 = -5*x. Let y = -38 - -59. Let z = -8 + y. Calculate the remainder when x is divided by z.
10
Suppose 2*y + 60 = 4*k, 3*k - 31 = -0*k - 2*y. Calculate the remainder when k is divided by 8.
5
Let y = 19 + -8. Let i(h) = 2*h**2 - h. Calculate the remainder when y is divided by i(2).
5
Let v(b) = 5*b - 32. Calculate the remainder when v(15) is divided by 15.
13
Let q be 3/(-1) - (0 - 1). Calculate the remainder when 2 is divided by ((-4)/(-8))/(q/(-4)).
0
Suppose -19*h - 102 = -22*h. Calculate the remainder when h is divided by 13.
8
What is the remainder when (422/(-28) - (-4)/7)*-2 is divided by 11?
7
Let j(b) = b**3 + b**2 + 9*b. Let f(i) = i**3 + 10*i. Let q(h) = -5*f(h) + 6*j(h). What is the remainder when q(-4) is divided by 6?
4
Calculate the remainder when (-2)/(-4) - (-1074)/12 is divided by 31.
28
Let s(l) = l**3 - 9*l**2 + 15*l + 1. Suppose 0 = 5*g - 11 - 14. What is the remainder when s(7) is divided by g?
3
Let u be (5 + -36)*(-2 + 0). Let w = u - 41. Suppose 5*g - 35 - 20 = 0. Calculate the remainder when w is divided by g.
10
Suppose 0 = 7*k - 4*k - 48. Let b = k - 1. Calculate the remainder when 43 is divided by b.
13
Let b(o) = 4*o - 2. What is the remainder when 10 is divided by b(2)?
4
Suppose 3*u - 4*y + 6*y + 4 = 0, 0 = 5*y + 25. Calculate the remainder when 6 is divided by u.
0
Let d(q) be the third derivative of 3*q**4/4 - q**3/3 + 12*q**2. Let h = -7 - -11. Calculate the remainder when d(h) is divided by 18.
16
Suppose 3*y = -0 + 3. Let i(x) = y + 0 + x**3 + 3*x**2 - 3*x + x. What is the remainder when 12 is divided by i(-3)?
5
What is the remainder when 33 is divided by (-12 - 0)/((-4)/6)?
15
Let v = 7 - 8. Let u be 6/(-3 - 0) - v. What is the remainder when 10*u*36/(-15) is divided by 9?
6
Let p(q) = 1 - 1 + 4 + 7*q - 3. Let l(j) = j + 5. Let u be l(-4). Calculate the remainder when p(u) is divided by 5.
3
Let l = -2 - -4. What is the remainder when 5 is divided by l?
1
What is the remainder when (-309)/(-2)*(-4)/(-6) is divided by 27?
22
Suppose 0 = -3*m - 72 - 129. Let o = -45 - m. Calculate the remainder when o is divided by 8.
6
Let y = -341 + 353. Calculate the remainder when 63/2 + 1/2 is divided by y.
8
Suppose n + 2*n = 6. Let x(p) = -2*p - 9. Calculate the remainder when x(-7) is divided by n.
1
Suppose 0*f = -3*f + 3. Suppose -2*u = 0, -3*x = -x + 3*u - 4. Calculate the remainder when x is divided by f.
0
Suppose -3*b - z = 4*z - 11, 9 = 4*b + z. Suppose b*w = 4*s - 74, 3*s + w + 0*w - 43 = 0. Calculate the remainder when s is divided by 6.
4
Let h(z) = -z**2 - 12*z - 4. Suppose 0 = 5*l - 0*l + 50. Calculate the remainder when 30 is divided by h(l).
14
Let p = -280 + 403. Calculate the remainder when p is divided by 14.
11
Let q(g) = -4*g - 21. Calculate the remainder when 22 is divided by q(-6).
1
Suppose 0*a - 142 = -2*a. What is the remainder when a is divided by 18?
17
Suppose -3*v - 4*q = -3*q - 78, 130 = 5*v + 2*q. Suppose -8 = 2*y - 6*y. Suppose y*w = -8 + v. What is the remainder when 17 is divided by w?
8
Suppose 5*r + 9*r - 1008 = 0. Calculate the remainder when r is divided by 16.
8
Let m = 8 - 5. Suppose 0 = -a - m, x - 3*a = -2*a + 19. What is the remainder when (-5)/1*(-93)/15 is divided by x?
15
Suppose 5*h - 122 = 13. Let q be ((-6)/(-5))/(3/15). Suppose 44 = 5*t - q. What is the remainder when h is divided by t?
7
Suppose 3*t - 4*z + 56 = 0, -2*t - 2*z = -5*t - 46. Let f = -1 + -2. Calculate the remainder when 10 is divided by (t/10)/(f/15).
4
Suppose 0*x - 4*x + 64 = 0. What is the remainder when x is divided by (2/(-2))/(1/(-6))?
4
Let x be -1 + 5 + (3 - 4). Suppose 2*q - 3 = -4*n + x*n, 0 = 4*q - 4*n. Let w(s) = 27*s - 1. Calculate the remainder when w(q) is divided by 9.
8
Let v = -3 + 23. Let f(c) = 38*c**3 + c**2 - c + 1. What is the remainder when f(1) is divided by v?
19
Let i(p) = 4*p**2 + p. Let l be (-8)/4 + 4 + -1. Calculate the remainder when i(l) is divided by 4.
1
Let n(b) = b**2 - 6*b + 7. Let w be n(6). Suppose 3*r - 2*i - 31 = -4*i, -r + i = -w. What is the remainder when 17 is divided by r - 1 - (7 - 8)?
8
Let a be 1/4 + 21/12. Suppose -4*q - 18 = -a*z, 5*z - 9 = -q + 2*q. Suppose -4 = -s - z. Calculate the remainder when 4 is divided by s.
1
Suppose 2*t + s - 16 = 3*s, 5*t + s = 16. Suppose 3*j + 164 = t*m, -24 = -m + 3*j + 26. What is the remainder when m is divided by 13?
12
Suppose 5*a - 495 = -145. Calculate the remainder when a is divided by 18.
16
Suppose -23*d + 21*d + 202 = 0. Let g(